 j(d).
-5
Suppose -2*y + 52 - 44 = 0. Let h(o) = 0*o**2 - 4*o + 2 + 2*o**2 - 5. Give h(y).
13
Suppose 12*k - 208 = -280. Let p(h) = h**2 + 7*h + 3. Calculate p(k).
-3
Let f(m) = m**2 - 3*m - 4. Let g(k) = -3*k - 12*k**2 + 11*k**2 + 3 - 1. Let q be g(1). Let n be q + (0/(-3) - -6). Calculate f(n).
0
Suppose 0 = -x + 2*m - 12, x = 2*x - m + 9. Let r(y) = -8*y**2 - 8*y - 1. Let a(o) = o**3 - o**2 - o. Let f(i) = -a(i) + r(i). Give f(x).
5
Let x(k) = -k**2 + 3*k + 3. Let p(g) = 22*g - 10. Let a be p(-4). Let y = 101 + a. Give x(y).
3
Let k(q) = 3 + 4*q**2 + 8*q - 3 - 7 - q**3. Let f be (10/(-6))/(2/(-6)). Calculate k(f).
8
Let n(o) be the third derivative of -o**6/360 + 7*o**5/120 + o**4/3 - 25*o**3/6 - 4*o**2. Let z(c) be the first derivative of n(c). Calculate z(8).
0
Let k be (4 - 2)/((-4)/6). Let i(n) = n**2 + n - 3. Let t be i(k). Let m(c) = 2 - 2*c**2 - 4*c - c**t - c**2 + 2 - 3*c**2. Give m(-5).
-1
Let u(s) be the first derivative of -s**7/840 - 7*s**6/360 - s**5/24 + s**4/24 + 13*s**3/3 - 3. Let o(c) be the third derivative of u(c). What is o(-6)?
-5
Let t = 4 - 2. Let n(u) = -38*u**2 - 9*u + 39. Let y(g) = -43*g**2 - 10*g + 44. Let q(d) = -9*n(d) + 8*y(d). Calculate q(t).
-5
Let s = 116 + -111. Let z(w) = -w**2 + 5*w - 4. Determine z(s).
-4
Let k(b) be the second derivative of -b**4/4 + 9*b**3/2 - 27*b**2/2 - b + 48. Determine k(8).
-3
Let x(s) = -s**3 - s + 1. Let k(b) = 3*b**3 - 5*b**2 + 2*b - 7. Let u(v) = -k(v) - 4*x(v). What is u(-5)?
-7
Suppose 5*r - n + 6 = n, 5*r + 5*n + 20 = 0. Let c be 5/r + (-2)/(-4). Let l(s) = s - 26. Let u(w) = 5. Let v(x) = -2*l(x) - 11*u(x). What is v(c)?
1
Let b(a) = a**3 + 3*a**2 + 0*a**3 + 0*a - a + 3 + 3*a - a**2. Calculate b(-2).
-1
Let t(k) = -k + 35. Let s(f) = -17. Let j(d) = -7*s(d) - 3*t(d). Let g(o) = -10*o - 43. Let i(w) = -2*g(w) - 7*j(w). Let y = 51 - 51. Give i(y).
-12
Let x(f) = 2*f**2 + 2112*f + 10 - 6*f**2 + 3*f**2 - 2120*f. What is x(-8)?
10
Suppose 5*z - 2*t - 11 + 0 = 0, 3*t + 11 = 2*z. Let o(f) = -49437 - 5*f**2 + 49437 + 3*f**2 - 8*f**2. What is o(z)?
-10
Let m = 615 + -608. Let g(b) = -b**3 + 6*b**2 - 2*b + 10. What is g(m)?
-53
Let n(b) = b**3 + 3*b**2 + 1. Let t(z) = z + 11. Let f be t(-13). Let i be 7/14*(-5 - (1 + f)). Determine n(i).
5
Let k(v) be the third derivative of -v**6/120 - v**4/24 + v**3/6 + 3*v**2. Let a = -4 + 5. Determine k(a).
-1
Suppose 0 = -4*t - 5*n + 23 - 86, 0 = 5*t - 3*n + 51. Let b be (3 - 1) + 16 + t. Let o(g) = -g**2 + 7*g - 7. Determine o(b).
-1
Let z(g) = -g**3 + 6*g**2 - 5. Let a be 5 - (12/(-14) - 7/49). What is z(a)?
-5
Let b(s) = -s**2. Let n be b(-2). Let v(k) be the first derivative of -k**3/3 - 3*k**2/2 - 3*k - 3123. What is v(n)?
-7
Suppose -5*h + 11 - 1 = 0. Let f be (-180)/(-18)*(h/5 + 0). Let t(g) be the third derivative of -g**6/120 + g**5/10 - 5*g**4/24 - g**3/2 + g**2. Calculate t(f).
9
Suppose 4*q = v + 5, q = v + 3*v - 10. Suppose v*f = -2 - 4. Let m be (f + 5/2)*-10. Let u(z) = -z**2 - 5*z - 7. Give u(m).
-7
Let j(r) = -r + 8. Let c(i) = -14*i**3 - i**2 - 2*i. Let o be c(-1). Let y be 4*2*o/40. Suppose 0 = -2*q + y*q. Calculate j(q).
8
Let x(a) be the third derivative of -a**4/24 + a**3/6 - a**2. Let s = 1206 + -1213. What is x(s)?
8
Let b(h) = -9*h + 6. Let y(d) = -2*d**2 + 4*d - 1. Let a be y(3). Let t(s) = -13*s + 9. Let u(k) = a*b(k) + 5*t(k). Give u(5).
-7
Let k(v) = 7*v**3 - 2*v**2 - 22*v - 8. Let f(a) = 8*a**3 - a**2 - 26*a - 9. Let x(q) = -6*f(q) + 7*k(q). Calculate x(8).
14
Let i(k) = k**2 + k. Let q(o) be the first derivative of 5*o**3/3 + 13*o**2/2 + 4*o + 18. Let s(v) = 6*i(v) - q(v). Give s(8).
4
Let i = 54 + -92. Let z be i/(-22)*-3 - 20/(-110). Let l(j) = -j + 4. Calculate l(z).
9
Let a = -496 - -495. Let x(s) = 5*s - 9. Let c(d) = 2*d - 4. Let t(y) = 7*c(y) - 3*x(y). Give t(a).
0
Suppose 3*r + 5*a + 45 = 15, 0 = 2*r - a - 6. Let c(k) be the third derivative of -k**5/60 - k**4/24 - k**3/2 + k**2. Calculate c(r).
-3
Suppose 3*m + 68 = -25. Let j = 34 + m. Let d(s) = s**3 - 2*s**2 - 4*s + 3. Give d(j).
0
Let p(q) = 6*q**3 + 2*q**2 + q. Let u be -8*15/(-40) - (0 - -4). Calculate p(u).
-5
Let f(k) = 9*k + 20. Suppose 5*a = 4*t - 93, a + 4 + 9 = -2*t. Let o(n) = 3*n + 7. Let c(d) = a*o(d) + 6*f(d). What is c(-1)?
-2
Let s(x) = -x**3 - 9 + 0*x**2 + 285*x - 4*x**2 - 288*x - x**2. Calculate s(-5).
6
Let s(t) = 2*t**2 + 1. Let g(p) = -5*p**2 + 10*p - 9. Let a(n) = g(n) + 2*s(n). What is a(8)?
9
Let i(q) = 2*q**3 + q**2 + 2*q - 3. Let b(g) = -g - 12. Let l be b(-14). What is i(l)?
21
Let o(b) be the second derivative of b**3/3 + 2*b**2 + 2*b. Let j be 1*63/12 - 3/12. Calculate o(j).
14
Let n(y) = -y**3 - 5*y**2 + 3*y - 7. Let m be n(-6). Let z = m + -8. Let k(s) = -2*s + 0*s**2 + s - s**2 - 4*s**z + 14*s**3. Calculate k(-1).
-10
Suppose 0 = 4*r - 7*r + 12. Suppose -5*t = -4*o - 29, -3*t = -r*o - 16 - 3. Let f(m) = -5*m - 2. Calculate f(t).
-27
Let s = 2 - 0. Suppose 7*w - 3*w - 88 = 0. Let l(k) = 2*k**3 - 35 + w - 3*k + 16. Calculate l(s).
13
Let x(h) be the first derivative of 0*h - 1/2*h**2 + 10 + 1/3*h**3. Suppose -5 = -5*n - 0*n. Give x(n).
0
Let d(n) = 5*n - 4*n - 5 - 3*n + 3*n - 8. Calculate d(-11).
-24
Let n(w) = w**2 + 5*w + 2. Let k(a) be the second derivative of a**4/12 - a**3/2 + 3*a**2/2 + 7*a. Let r be k(6). Suppose 8*m = m - r. Give n(m).
-4
Suppose 4*x + 6 = x. Let i = -2 - x. Let b(d) = d + 3*d + i*d**2 - 3 + 0*d**2 - 3*d**2. Calculate b(2).
-7
Let y(a) = -5*a**2 + 3*a - 5. Let w(i) = -14*i**2 + 10*i - 16. Let b(g) = 4*w(g) - 11*y(g). Determine b(6).
-3
Let d(h) be the third derivative of h**6/120 + h**4/24 + h**3/6 - 6*h**2. Let o be (-21)/(-6)*36/21. Suppose -3*y + 6 = 3*u, -2*u + u = -3*y + o. Give d(u).
1
Let p(n) be the second derivative of -n**3/6 + 9*n**2 + 69*n. Determine p(14).
4
Let k(q) = -q**2 + 6*q - 1. Suppose 2 + 10 = -2*d. Let n be 2/d + 400/48. Suppose 5*l - 9 = -m, -4*l + 0 = -3*m + n. Determine k(m).
7
Let a(c) = -c**3 - 4*c**2 - 5*c - 2. Let r(u) = u**2 + 15*u - 15. Let q = 22 - 38. Let v be r(q). Let d(o) = -o - 2. Let j be d(v). Determine a(j).
4
Let u = 5059 + -3092. Let b(a) = u + a - 3*a - 1963. Calculate b(-3).
10
Let a = 876 + 691. Let u(l) = 1567 - a + 7*l. What is u(-1)?
-7
Let h(z) = z**3 + 6*z**2 - 4*z - 2. Suppose 30 = 3*c - f - 2*f, -5*c + 41 = -2*f. Suppose 27 = -2*n + 3*l, -c*l + 5*l + 10 = 0. Give h(n).
22
Let b(s) = -2 + 6*s + 3 - 7*s. Suppose -r - 75 = -6*r. Suppose 3*a = -0*a + r. Give b(a).
-4
Suppose -2*r + 6*r = -3*h - 71, 74 = -4*r - 2*h. Let p be 303/12 + 5/r. Let j = p + -28. Let o(v) = v**3 + 4*v**2 - v - 2. What is o(j)?
10
Suppose -5*k - 2 = d, -3*k - 9 = -2*d - 0*k. Suppose -d*a + 12 = 3*z, 3*z + 2*a - 3 = 2*z. Let p(v) = -v**2 + 5*v - 3. What is p(z)?
-3
Let q be (-360)/(-20) - -3*1. Suppose 0 = -16*n + q*n + 30. Let w(a) = -a - 8. Calculate w(n).
-2
Let v(m) = -11*m - 5. Let n(r) = r**3 + 4*r**2 - 36*r - 74. Let i be n(-2). Give v(i).
-71
Let t(r) be the second derivative of r**3/2 + r**2/2 - 2*r. Suppose 0 = -4*z + 3 + 5. Suppose -1 - 1 = -4*o + 3*w, 0 = -3*o - z*w + 10. What is t(o)?
7
Let a(t) = 3*t - 1. Let o = 206 - 201. Give a(o).
14
Let y(u) = 0*u**2 + 3*u**2 + u**3 + 3 - 5*u - 2*u**3. Let d be ((-100)/(-140))/(2/14). Suppose 4*j = 4*l + 4, d*j + 2*l - 18 = 1. Determine y(j).
-12
Let p(j) be the first derivative of -j**4/4 - j**2/2 + 39*j + 201. Calculate p(0).
39
Let v(f) = 2*f**3 - 18*f**2 + 15*f - 20. Let z be v(8). Let o(j) = -2*j**2 - 55*j + 29. Determine o(z).
1
Suppose 0 = -2*w + 2 + 14. Let b(p) = -p**3 - p - w*p + 25*p**2 - 9*p**2 - 6*p**2 - 3. Give b(9).
-3
Let u(p) = 6*p**2 - 3. Let t(b) = 126*b - 502. Let j be t(4). What is u(j)?
21
Let b(m) = -2*m - 2. Let s(y) = -5*y**2 - y. Let x(l) = 13*l + 13. Let r(z) = 3*z + 3. Let j(c) = -9*r(c) + 2*x(c). Let d be j(0). Let v be s(d). What is b(v)?
6
Let m(g) = -g**3 - 7*g**2 - 7*g - 4. Let t be m(-6). Let b(f) = -21*f - 13. Let v(s) = -5*s - 3. Let j(k) = 2*b(k) - 9*v(k). What is j(t)?
7
Let h(p) = p**2 + 11*p - 9. Let t(d) = -d + 1. Let j(l) = h(l) + 4*t(l). Suppose -2*r - 16 = -5*o, 4*o - 15 - 9 = 3*r. What is j(r)?
3
Let c(d) = 3*d + 14. Let p be (-27)/(-15)*(24/4 - 1). Give c(p).
41
Let s(u) = -8*u + 1. Let a be (-90)/(-50) + (-2)/(-10). Give s(a).
-15
Let u(c) = 5*c**3 + c. Let t = 9 - 8. Let w 